). Suppose 3*x - 80 = -2*x. What is the highest common divisor of x and i?
4
Suppose -4*d + 5*v + 102 = 12, -d + 5*v = -30. Let l = -1 + 4. Let i be 3 + (-1 - (1 - l)). What is the greatest common factor of i and d?
4
Let r = -373 + 456. Calculate the greatest common factor of 166 and r.
83
Suppose 0 = 5*r + 2*t - 7*t - 240, 0 = -4*t - 4. Let s be (0 - -1) + (r - -6). Suppose 0 = -2*l - 10 + s. What is the greatest common factor of 176 and l?
22
Let d be 16/(-6)*(-20)/(720/189). Suppose 4*s + 48 = k, 4*k - 174 = k - 3*s. Calculate the greatest common divisor of k and d.
14
Let z(d) = -58*d + 932. Let j be z(16). Calculate the highest common divisor of j and 556.
4
Suppose -35 = -6*d + d. Suppose 7709 - 1499 = 23*s. Let v = -263 + s. Calculate the highest common factor of v and d.
7
Suppose 41*h + 911 = 3*z + 37*h, -5*z = 5*h - 1495. What is the greatest common factor of z and 21?
7
Suppose 0 = t - 9*t + 6912. Calculate the greatest common factor of 32 and t.
32
Suppose 7 - 37 = -5*f. Let r = 10 - 7. Suppose 0 = -3*y - f, -3*p - r*y + 38 = -y. Calculate the highest common factor of 154 and p.
14
Let v = -11 + 39. Suppose -4*q + 3*r = -30 - 102, -q + 2*r + v = 0. Suppose 0 = -15*d + 1689 - 339. What is the highest common factor of q and d?
18
Let p(w) = w**2 - 9*w - 18. Let n be p(-9). Let r = 319 + -313. What is the highest common factor of r and n?
6
Suppose -219*x - 3552 = -235*x. Calculate the greatest common factor of 999 and x.
111
Suppose b - 40 = -b. Suppose -2*m + 9 - 2 = 3*g, -23 = -3*g + 2*m. Calculate the greatest common factor of g and b.
5
Let h be (-6)/39 + 825/39. Suppose 3*w = 5*r + h - 1, 3*r = -12. Suppose -l = 2*x - w*l - 18, -3*x + 41 = -2*l. What is the greatest common factor of 33 and x?
11
Suppose 7*q + 9 - 149 = 0. Calculate the highest common factor of q and 50.
10
Suppose -5*l + 4*j = -39, -4*l = -3*l - 5*j + 9. Let s be 900/132 - (-2)/l. Calculate the greatest common factor of s and 56.
7
Let y be (-47)/(-188) + (-3483)/(-4). What is the greatest common divisor of 13 and y?
13
Suppose -2*r + v + 0 = -1, -4*r - 3*v = -7. Let n be r - -2 - 2 - 7. Let x be 484/n*6/(-4). Calculate the greatest common factor of 11 and x.
11
Let f(a) = a**2 - 7*a - 13. Let h be f(9). Suppose h*l - 91 = -6. Let s(n) = -14*n - 18. Let o be s(-11). What is the greatest common divisor of o and l?
17
Let t(s) = -s**2 + 9*s + 1. Let j be t(8). Let x be ((-6)/(-4) - 0) + 1/2. Suppose -48 = -x*a + 6. Calculate the greatest common divisor of a and j.
9
Let n = 28 + 7. Let f = n + 5. Let h be 45/10*(-80)/(-6). Calculate the greatest common divisor of h and f.
20
Let n be 4 - (4 + 8/(-4)). Let y be 9*((-15)/(-5) - n). Calculate the greatest common divisor of y and 1.
1
Let y(r) = -r**3 + 27*r**2 + 59*r + 7. Let d be 58/((-18)/(-18) + -1 + 2). Let v be y(d). Calculate the greatest common divisor of 288 and v.
36
Let b be (2/8*-9)/((-82)/984). Let f be 1 + 1 + 17*2. What is the highest common divisor of b and f?
9
Let o be (4/2 + 0)*(-117)/6. Let p be (-11550)/o - (200/(-52) - -4). Calculate the greatest common factor of 37 and p.
37
Suppose -19*o + 2715 + 591 = 0. Calculate the greatest common factor of 6 and o.
6
Suppose 2*t - 4*a = 8, -3*t - 4*a + 6*a + 28 = 0. Let q be ((-1856)/(-10))/16 + 4/10. Calculate the greatest common factor of q and t.
12
Suppose 2*r = 4*s - 102, -2*s = s - 2*r - 78. Calculate the highest common factor of 152 and s.
8
Suppose -f + 180 = -3*q, q = 2*q - 4. What is the greatest common divisor of 432 and f?
48
Let j be 41 - (-8)/(8/7). What is the greatest common divisor of 312 and j?
24
Let n(t) = -t**3 + 12*t**2 + 3*t - 22. Let r be n(12). What is the highest common factor of 259 and r?
7
Let b = -399 - -411. Calculate the greatest common divisor of 168 and b.
12
Let u be (-99)/(-18) + 6/(-4). Suppose 2*f + 8 = -2*f. Let k be -4*(1*8)/f. Calculate the greatest common factor of k and u.
4
Suppose 3*d - 71 - 48 = v, -v = 5. What is the greatest common factor of 2109 and d?
19
Suppose 4*j - b + 21 = 0, 0*j - 28 = 5*j - 3*b. Let z be 3/j + 76/10. Let a be (-42)/(z/(140/(-15))). What is the highest common factor of 8 and a?
8
Let k = 39 + -36. Let w be k/2*(-7)/((-84)/88). What is the greatest common divisor of 99 and w?
11
Let u be 16/(4*(6 + 88/(-16))). Calculate the highest common factor of 676 and u.
4
Suppose 7*o - 118 - 953 = 0. Calculate the highest common factor of o and 85.
17
Suppose -2*m + 3*m + 10 = 0. Let t(h) be the third derivative of h**4/24 + 11*h**3/6 - h**2. Let w be t(m). What is the greatest common divisor of w and 11?
1
Let w = -7342 - -10402. Suppose 4*m + w = 21*m. Calculate the highest common divisor of 15 and m.
15
Suppose -a + 0*l - l + 29 = 0, 0 = l - 4. Let c = 496 - 491. Calculate the greatest common divisor of a and c.
5
Let n = 4006 + -2856. What is the highest common factor of n and 25?
25
Suppose 1715*i = 1732*i - 1377. Suppose -p - 2*w = 75, 3*p - 4*w - 65 = 4*p. Let k = p + 139. What is the highest common divisor of k and i?
27
Let z(r) = -23*r - 70. Let u be z(-4). Calculate the greatest common factor of 99 and u.
11
Suppose 6*y - 97 = 65. Calculate the greatest common divisor of y and 54.
27
Suppose 0 = 3*r - 100 + 679. Let m = r + -306. Let s = 752 + m. What is the highest common divisor of 23 and s?
23
Suppose -2*l - l + 18 = 3*i, i + 2 = l. What is the highest common factor of 10 and i?
2
Suppose -42 = -v + n, -n = v - 0 - 42. Let u = 914 + -536. Calculate the highest common divisor of v and u.
42
Let t be -27 + -6*(-3)/(-6). Let m = t - -32. What is the greatest common factor of 4 and m?
2
Suppose 3*s = 4*q + 102, 0 = -5*s + 2*q - 7*q + 135. Calculate the highest common factor of 405 and s.
15
Let b = 72 - 67. Suppose b*y - 3*y - 20 = 0. What is the greatest common divisor of 10 and y?
10
Suppose -61*u + 3108 = 485. Calculate the greatest common factor of 688 and u.
43
Let y(z) = -z**3 + 2*z**2 - 3*z. Let c be y(3). Let r = 16 + c. Let a be ((-48)/15)/(r/5). Calculate the greatest common factor of a and 20.
4
Let i(c) = 50*c + 2. Let r(m) = -51*m - 1. Let p(b) = 2*i(b) + 3*r(b). Let a be p(-1). Calculate the greatest common factor of 486 and a.
54
Suppose -7*o + 3*o + 96 = 0. Let n = 64 - 28. Suppose 4*r - n = r. What is the highest common divisor of r and o?
12
Let d(v) = 9*v. Let n be d(2). Let a be (6/4)/(1/336). Suppose t + 3*t = a. Calculate the highest common divisor of t and n.
18
Let f(p) = -p**3 + 36*p**2 + 3*p - 42. Let t be f(36). What is the highest common divisor of t and 11?
11
Let n(o) = -o**3 + 8*o**2 - 8*o - 15. Let u be n(6). Let b(s) = -s**2 + 14*s - 27. Let y be b(u). Calculate the highest common divisor of y and 9.
9
Let p(n) = -n**2 - 29*n - 24. Suppose g - 3*g - 34 = 0. Let a be p(g). What is the greatest common factor of 20 and a?
20
Suppose -x = -5*c + 309, -5*c - 3*x + 80 + 233 = 0. What is the greatest common factor of c and 31?
31
Suppose q = 2*n - 11, -2*n + 13 = -n - 2*q. Let k(t) = -n + 1 - 1 + 2 + 9*t**2. Let c be k(1). Calculate the greatest common divisor of c and 16.
8
Let c = 267 - 208. Calculate the greatest common factor of 531 and c.
59
Let v be (-2)/4*(-2 + 2 + -46). Calculate the greatest common factor of 69 and v.
23
Let k = -3034 - -3043. Let u(o) = 73*o**2 - 1. Let y be u(-1). Calculate the highest common divisor of k and y.
9
Suppose -3*n - 3*h + 235 = 28, 0 = 4*n - 5*h - 285. Calculate the highest common divisor of 42 and n.
14
Suppose 130*d - 1300 = 117*d. What is the greatest common factor of d and 25?
25
Suppose 2*q - 254 = -5*y, -2*y + 0*y - 136 = -q. Suppose 10*z = 8*z + q. What is the greatest common divisor of 99 and z?
33
Suppose 10*s - 560 = -18*s. What is the highest common divisor of s and 60?
20
Let n = 79 - 45. What is the greatest common factor of n and 391?
17
Let n(g) be the first derivative of 2*g**3/3 + 5*g**2 + 6*g + 1. Let z be n(-5). What is the greatest common divisor of 3 and z?
3
Let m(a) = a**2 - 6*a - 67. Let z be m(15). Calculate the greatest common divisor of z and 1564.
68
Let k(l) = 3*l - 7. Suppose 0 = -6*z + 16 + 32. Let s be k(z). Calculate the greatest common factor of s and 119.
17
Suppose 7*g - 27 = 1. Suppose -2*u - 3*l + 15 = 0, -57 = -3*u + g*l - 9. Suppose 5*y + 0 = 20. Calculate the highest common f